*2 + n. Let i be c(1). What is the tens digit of i/6*120/(-5)?
1
Let y(i) = i - 6. Suppose 5*q = f + 2*q + 7, -3*q + 2 = -2*f. Let n be y(f). What is the units digit of (0 - n - 3) + 11?
9
Let x = 22 + 93. What is the hundreds digit of x?
1
Suppose 0 = -t - t. Suppose -r = -4*l - 13, t = 3*r + 3*l - 3 - 21. What is the units digit of r?
9
Suppose -124 - 68 = -4*g. Suppose -2*b - 6 = -g. What is the units digit of b?
1
Let i(m) = 20*m**2 - 1. Let x be i(-1). Suppose -x = g - 0. Let z = -7 - g. What is the tens digit of z?
1
Let z(s) = 16*s - 2. Let y be z(2). Suppose -3*p + 4*o = -8*p - 3, 0 = -2*o - 4. What is the units digit of p/(3/y) + -2?
8
Let z(a) = a**2 - 5*a + 6. Let n be z(4). Suppose -n*x = x - 153. What is the tens digit of x?
5
Suppose 5*a + 2*r - 7*r = -15, 3*a - 21 = -3*r. Let t = a + 13. What is the tens digit of t?
1
Let w be (-6 + 4)*(-10)/4. Suppose -2*h - 2*a = h - 24, -a = w*h - 33. What is the units digit of h?
6
Let r(a) = a**2 - 5*a + 7. Let s be r(5). Suppose u = 4 + s. What is the units digit of u?
1
Let i(q) = 2*q**2 + 10*q - 46. What is the hundreds digit of i(-14)?
2
Let m = -44 + 63. Suppose -3*c + 0*s + s = 6, -4*c - m = -5*s. What is the units digit of (-2)/((2/2)/c)?
2
Let p(y) = -y**2 + 8*y + 11. Let k be p(9). Let w = 23 + -15. Let i = w - k. What is the units digit of i?
6
Suppose -4*v + 2*v = 0. Suppose 3*h - 7 - 5 = v. What is the units digit of h?
4
Suppose -4*n - 5 = -13. Suppose n*a - 14 = -3*k, 2*k = -3*a - 1 + 12. What is the units digit of 2/3 + k/3?
2
Let k(i) be the second derivative of i**5/20 + i**3/3 + i. What is the units digit of k(2)?
2
Let t = -44 + 60. What is the tens digit of t?
1
Let k(o) = 6*o - 2. What is the tens digit of k(8)?
4
Suppose -148 + 376 = 3*d + k, 5*d - 400 = 5*k. What is the tens digit of d?
7
Let d be -18*12/9*-2. Suppose -109 - 1 = -5*m - 5*r, -3*m + 3*r + d = 0. What is the tens digit of m?
1
Let d = 16 + -16. Suppose d*u + 22 = 2*u. What is the units digit of u?
1
Let d = -11 - -15. Suppose c + 1 = 3*g, 11 = 3*g + 2*c - c. Suppose -g*h = -d - 0. What is the units digit of h?
2
Let n(y) = -y**3 - 2*y**2 - 4. What is the units digit of n(-4)?
8
Suppose -8*p = -4*p - 3*q - 3, 2*q - 6 = 0. Suppose -35 = -p*k - 2*k. Let o = -2 + k. What is the units digit of o?
5
Let r = 3 + -3. Suppose -n + r*n - 35 = 0. Let b = -23 - n. What is the units digit of b?
2
Let y be 1 + (-1 - -2) - -2. Let f(m) = 3 - y - 6*m**2 + 6*m - m**3 + 2*m**3. What is the units digit of f(5)?
4
Suppose -8*j + 857 = -3*j - 3*k, 4*j - k = 680. What is the hundreds digit of j?
1
Let j be 2*((1 - -1) + 0). Let m be (8/5)/(j/20). Suppose 2*n = -2*z + m, -3*n = -4*z - 3 - 2. What is the units digit of z?
1
Let r(s) = 42*s**2 + 4*s + 10. What is the hundreds digit of r(-2)?
1
Let x(s) = 3*s + 3. Suppose 0*f - 12 = -4*f. What is the units digit of x(f)?
2
Let a = 29 - 60. Let r = a - -22. What is the units digit of (-6)/r + 26/6?
5
Let a be 339/12 - 3/12. Suppose r = 10 + a. What is the units digit of r?
8
Let v(m) = m**3 - 7*m**2 + m - 6. Let p be v(7). Let x = 23 - p. What is the tens digit of x?
2
What is the tens digit of (7/(-14))/((-1)/48)?
2
Suppose -3*s - s = -28. What is the units digit of (-36)/(-1)*(8 - s)?
6
Let j(f) = f**3 - 2*f**2 - 6*f + 5. Let u be j(4). Let w = u + -8. What is the units digit of w?
5
Suppose -5*z = -0*p - 4*p - 19, 5*p + 8 = z. Let f be (-1)/2*-6 + 0. What is the tens digit of (0 - p)*4*f?
1
Let q(h) = -h + 4. Let v be q(9). Let k(s) be the first derivative of -s**4/4 - 2*s**3 - 3*s**2 - s + 1. What is the units digit of k(v)?
4
Let m be 8/20*(-2 + -3). What is the units digit of (m + 1)/(1/(-9))?
9
Let z(d) be the first derivative of -d**4/4 + 7*d**3/3 - 7*d**2/2 + 4*d + 7. What is the units digit of z(4)?
4
Suppose 7 = l - 3*q, 3*l - 2*q - 13 = -q. Let r = 9 + 2. Suppose 3*j + r = l*j. What is the tens digit of j?
1
Let t(b) = 2*b**2 - 4*b + 2. Let m be t(2). Let p be 10 + (0 - m - -2). Suppose g = -0*j - j + p, -2*j + 2 = 0. What is the units digit of g?
9
Let n(q) = q**2 - 8*q + 5. Let s be n(8). Let u(k) = 4*k - 6. Let y be u(s). What is the units digit of (-2)/7 + 116/y?
8
Suppose 15 = 4*v - 1. Let h(k) = 2*k - 3*k + 3*k - v. What is the units digit of h(6)?
8
Let a = 3 + 1. Suppose -3*j = -j + a. What is the units digit of (0 - -1) + (-6)/j?
4
Let g(u) = -u**2 + 9*u + 11. Let p = 2 + 7. Let h be g(p). Suppose -6*a + a = 2*s - h, -3*a = -5*s - 19. What is the units digit of a?
3
Let x(p) = p**3 - 8*p**2 + 2*p - 2. Let s be x(6). Let q = -28 - s. Suppose r + q = 4*d, 2*d - 33 = -2*r - 11. What is the units digit of d?
9
Let h = -516 - -819. What is the tens digit of h?
0
Suppose d - 2 = -2*c + 2, 5*c - 5 = -5*d. Suppose -c*x + 8*x = 135. What is the units digit of x?
7
Suppose w - 2*w = 3*l - 1, 2*l = 4*w + 24. What is the units digit of l?
2
Let p(m) = -5*m - 4. Let n be p(-3). Let h be 75/n - 4/(-22). What is the units digit of 2/(2/h) + -1?
6
Suppose -4*k + 1088 = -5*f, 2*k + 3*f - 255 = k. What is the hundreds digit of k?
2
Suppose 4*o = 2*o + 98. What is the tens digit of o?
4
Suppose 0 = -2*g - l + 32, l = -3*g - 0*l + 50. Let c be (-2 - -8)/(g/228). Suppose -4*p - q = -0*p - c, -72 = -4*p - 2*q. What is the units digit of p?
0
Let l(y) = -y**3 + 4*y**2 + 2*y - 1. Let t be l(4). Let z(c) = 3*c + 7. What is the tens digit of z(t)?
2
Let y = -17 - -36. Suppose -y = -2*q - 3. What is the units digit of q?
8
Let s(w) be the third derivative of -w**4/24 + 11*w**3/6 + w**2. What is the units digit of s(5)?
6
Let n be (-58)/(-5) - (-3)/(-5). Let v = n - -6. What is the units digit of v?
7
Let n(t) = 1 + 0 + 4*t - 3*t - 2. What is the units digit of n(7)?
6
Let z be (-6)/(-42) + (-6)/(-7). What is the tens digit of (-876)/(-24) + z/2?
3
Suppose 5*t = 3*t + 24. What is the tens digit of t?
1
Let z be ((-3)/(-2))/(2/4). Let o = 25 - z. What is the units digit of o?
2
Let w = -230 - -140. Let x = -58 - w. What is the tens digit of x?
3
Let n(w) = -w**3 + 2*w**2 + 5*w - 3. Let k = 7 + -11. Let o = k + 7. What is the units digit of n(o)?
3
What is the units digit of -6 - -3 - (4 + -57)?
0
Suppose f + f - 26 = 0. Suppose 0 = f*z - 8*z - 170. What is the units digit of z?
4
Let p be -1 - -338 - (0 + 1). Suppose 3*u = -6*b + 4*b + 167, 0 = 4*b + 4*u - p. What is the tens digit of (b/15)/(1/3)?
1
Suppose -s = -15 - 14. Let y = s + -18. What is the tens digit of y?
1
Suppose 0 = -10*g - 151 + 3891. What is the hundreds digit of g?
3
Suppose d = -3*l + 124, 735 - 191 = 5*d - 4*l. What is the hundreds digit of d?
1
Let d be ((-87)/(-1))/(3/2). Let v = -23 + d. Suppose 3*u - 19 = v. What is the units digit of u?
8
Suppose 3*g - 90 = 3*f, 6*g + 5*f - 95 = 4*g. What is the units digit of g?
5
Let v be 0 - 6 - (4 + -3). Let y be 1 - v*(1 + 0). Suppose 3*t = y*t - 50. What is the units digit of t?
0
Suppose -60 = -2*s - s. Let h be 4/(-10) + 46/(-10). Let v = h + s. What is the tens digit of v?
1
Let c = -11 - -6. Let x = 1 - c. Let b(a) = a**2 - 2*a - 3. What is the tens digit of b(x)?
2
Suppose 5*c - g - 86 = 359, 4*c - 370 = -2*g. What is the tens digit of c?
9
Let y = 0 + -4. Let c(p) = -p - 4. Let k be c(y). Suppose 0*d + d - 3*h = -5, k = -4*h + 12. What is the units digit of d?
4
Let r(o) be the first derivative of 0*o**2 - 1/3*o**3 + 2 + 17*o. What is the units digit of r(0)?
7
Let u be ((-1)/2)/((-1)/(-2)). Let m = u + 3. What is the units digit of ((-14)/3)/(m/(-3))?
7
Suppose 0 = -2*r - 4*l - 18 + 80, 5*l = 2*r - 35. What is the units digit of r?
5
Suppose 0 = 4*d - 5*d + 148. Let w = -105 + d. What is the units digit of w?
3
Let z(q) = -q**2 + 7*q - 9. Let j be z(6). Suppose 0*i + 12 = -3*i. Let s = j - i. What is the units digit of s?
1
Let b be 96/54 - (-4)/18. Suppose -b*q + 34 = 6. What is the tens digit of q?
1
Let p(l) = 2*l. Let o(m) = -5*m - 16. Let x(k) = -2*o(k) - 6*p(k). What is the units digit of x(0)?
2
Let t be (-40)/12*12/(-10). Suppose z + t*x - 12 = 0, 3*z - 5*x = 2*z + 3. What is the units digit of z?
8
Let b(i) = i**3 - 6*i**2 - 4*i - 7. What is the units digit of b(7)?
4
Let k = 1 - 6. Let m(l) = l**3 + 4*l**2 - 5*l + 6. Let r be m(k). Let t = -2 + r. What is the units digit of t?
4
Suppose o = 5*y + 19, 0 = -3*o + 3*y + 2 + 19. Suppose -4 = o*s - 0. What 